{"id":1110,"date":"2020-04-04T11:29:07","date_gmt":"2020-04-04T15:29:07","guid":{"rendered":"http:\/\/www.amisdulacdes16iles.org\/?page_id=1110"},"modified":"2023-06-04T10:09:04","modified_gmt":"2023-06-04T14:09:04","slug":"announcing_kids_on_the_lake","status":"publish","type":"page","link":"https:\/\/amisdulac.org\/fr\/announcing_kids_on_the_lake\/","title":{"rendered":"\u00ab\u2009Les jeunes du lac\u2009\u00bb"},"content":{"rendered":"<p>Lors de l&rsquo;AGM, Connor Manrique-Johnson a pr\u00e9sent\u00e9 son merveilleux court-m\u00e9trage sur l&rsquo;utilisation d&rsquo;un bateau \u00e0 moteur dans le respect de l&rsquo;environnement. Un effort remarquable et un message tr\u00e8s important. Jetez-y un coup d&rsquo;\u0153il.<\/p>\n<p><a href=\"https:\/\/youtu.be\/bkZW8whz4ew\" target=\"_blank\" rel=\"noopener\"><img loading=\"lazy\" decoding=\"async\" class=\"alignnone wp-image-1754 size-full\" src=\"https:\/\/amisdulac.org\/wp-content\/uploads\/2022\/09\/connor-film-icon.jpg\" alt=\"\" width=\"320\" height=\"180\" srcset=\"https:\/\/amisdulac.org\/wp-content\/uploads\/2022\/09\/connor-film-icon.jpg 320w, https:\/\/amisdulac.org\/wp-content\/uploads\/2022\/09\/connor-film-icon-300x169.jpg 300w, https:\/\/amisdulac.org\/wp-content\/uploads\/2022\/09\/connor-film-icon-200x113.jpg 200w\" sizes=\"auto, (max-width: 320px) 100vw, 320px\" \/><\/a><\/p>\n<p><strong>\u00ab\u2009Les jeunes du lac\u2009\u00bb et du compte Instagram <em>16islandlakelife<\/em><\/strong><\/p>\n<p><img loading=\"lazy\" decoding=\"async\" class=\"alignleft wp-image-1107\" src=\"https:\/\/amisdulac.org\/wp-content\/uploads\/2020\/04\/LakeLife_Graphic_600.jpg\" alt=\"\" width=\"200\" height=\"200\" srcset=\"https:\/\/amisdulac.org\/wp-content\/uploads\/2020\/04\/LakeLife_Graphic_600.jpg 600w, https:\/\/amisdulac.org\/wp-content\/uploads\/2020\/04\/LakeLife_Graphic_600-150x150.jpg 150w, https:\/\/amisdulac.org\/wp-content\/uploads\/2020\/04\/LakeLife_Graphic_600-300x300.jpg 300w, https:\/\/amisdulac.org\/wp-content\/uploads\/2020\/04\/LakeLife_Graphic_600-200x200.jpg 200w\" sizes=\"auto, (max-width: 200px) 100vw, 200px\" \/>Amis du lac veut passer le mot. Pour un grand nombre d\u2019entre nous, les \u00e9t\u00e9s au lac remontent aussi loin que nous pouvons nous souvenir. D\u2019autres ne sont venus au lac qu\u2019une fois et en sont tomb\u00e9s amoureux. Nous avons \u00e0 coeur la pr\u00e9servation des traditions du lac et la conservation de l\u2019environnement. Nous partageons notre passion pour le lac avec nos familles, nos amis et nos enfants. Il est tr\u00e8s important de faire participer la prochaine g\u00e9n\u00e9ration, de la m\u00eame fa\u00e7on que nos parents, nos grands-parents et nos amis nous ont transmis cet h\u00e9ritage. L\u2019expression&nbsp;\u00ab&nbsp;la vie au lac&nbsp;\u00bb est une bonne fa\u00e7on de d\u00e9crire les traditions en question et l\u2019endroit o\u00f9 chaque \u00e9t\u00e9 nous avons h\u00e2te de revenir. Cette expression \u00e9voque un \u00e9ventail d\u2019images de ce que le lac signifie pour nous. Quand vous d\u00e9crivez les choses qui rendent cet endroit extraordinaire, vous d\u00e9crivez \u00ab&nbsp;la vie au lac \u00bb. L\u2019article intitul\u00e9 \u00ab&nbsp;Queen of Clubs&nbsp;\u00bb, paru dans le num\u00e9ro de juin 2011 du magazine <em>Cottage life,<\/em> illustre notre vie au lac du point de vue d\u2019un journaliste en visite. Il est bien \u00e9vident que nous avons un endroit vraiment extraordinaire ici.&nbsp;<\/p>\n<p>Les jeunes ont aussi le lac \u00e0 coeur. Nous avons demand\u00e9 aux membres du conseil jeunesse ce qu\u2019ils pensaient de la vie au lac. Ils aimaient tous notre id\u00e9e d\u2019une adh\u00e9sion sp\u00e9ciale aux Amis du lac pour les jeunes, ceux-ci auront leur propre nom d\u2019association et des activit\u00e9s qui favorisent la sensibilisation \u00e0 l\u2019environnement et qui les interpellent. \u00ab&nbsp;Les jeunes du lac&nbsp;\u00bb a donc \u00e9t\u00e9 lanc\u00e9, des autocollants de \u00ab La&nbsp;Vie au lac&nbsp;\u00bb sont maintenant offerts et un compte Instagram a \u00e9t\u00e9 cr\u00e9\u00e9 \u2014 <strong><em>16islandlakelife<\/em><\/strong> \u2014, lequel est g\u00e9r\u00e9 par \u00ab&nbsp;Les jeunes du lac&nbsp;\u00bb\u2009! Allez-y, suivez <strong><em>16islandlakelife<\/em><\/strong> sur Instagram et partagez vos photos qui montrent ce que le lac repr\u00e9sente pour vous. La meilleure fa\u00e7on de le faire, c\u2019est d\u2019envoyer vos photos par message direct au compte Instagram&nbsp;<strong><em>16islandlakelife<\/em><\/strong>.<\/p>\n<p><strong>Le d\u00e9fi de Bob<\/strong><\/p>\n<p><img loading=\"lazy\" decoding=\"async\" class=\"alignnone wp-image-1209 size-thumbnail\" src=\"https:\/\/amisdulac.org\/wp-content\/uploads\/2020\/05\/Bob-challenge-de-150x150.jpg\" alt=\"\" width=\"150\" height=\"150\"><\/p>\n<p><a href=\"https:\/\/amisdulac.org\/bob_challenge\/\">Pour en savoir plus<\/a><\/p>","protected":false},"excerpt":{"rendered":"<p>Lors de l&rsquo;AGM, Connor Manrique-Johnson a pr\u00e9sent\u00e9 son merveilleux court-m\u00e9trage sur l&rsquo;utilisation d&rsquo;un bateau \u00e0 moteur dans le respect de l&rsquo;environnement. Un effort remarquable et un message tr\u00e8s important. Jetez-y un coup d&rsquo;\u0153il. \u00ab\u2009Les jeunes du lac\u2009\u00bb et du compte Instagram 16islandlakelife Amis du lac veut passer le mot. Pour un grand nombre d\u2019entre nous, [&hellip;]<\/p>\n","protected":false},"author":5,"featured_media":0,"parent":0,"menu_order":0,"comment_status":"closed","ping_status":"closed","template":"","meta":{"ngg_post_thumbnail":0,"footnotes":""},"class_list":["post-1110","page","type-page","status-publish","hentry"],"_links":{"self":[{"href":"https:\/\/amisdulac.org\/fr\/wp-json\/wp\/v2\/pages\/1110","targetHints":{"allow":["GET"]}}],"collection":[{"href":"https:\/\/amisdulac.org\/fr\/wp-json\/wp\/v2\/pages"}],"about":[{"href":"https:\/\/amisdulac.org\/fr\/wp-json\/wp\/v2\/types\/page"}],"author":[{"embeddable":true,"href":"https:\/\/amisdulac.org\/fr\/wp-json\/wp\/v2\/users\/5"}],"replies":[{"embeddable":true,"href":"https:\/\/amisdulac.org\/fr\/wp-json\/wp\/v2\/comments?post=1110"}],"version-history":[{"count":9,"href":"https:\/\/amisdulac.org\/fr\/wp-json\/wp\/v2\/pages\/1110\/revisions"}],"predecessor-version":[{"id":1761,"href":"https:\/\/amisdulac.org\/fr\/wp-json\/wp\/v2\/pages\/1110\/revisions\/1761"}],"wp:attachment":[{"href":"https:\/\/amisdulac.org\/fr\/wp-json\/wp\/v2\/media?parent=1110"}],"curies":[{"name":"wp","href":"https:\/\/api.w.org\/{rel}","templated":true}]}}

<p>Lors de l&rsquo;AGM, Connor Manrique-Johnson a présenté son merveilleux court-métrage sur l&rsquo;utilisation d&rsquo;un bateau à moteur dans le respect de l&rsquo;environnement. Un effort remarquable et un message très important. Jetez-y un coup d&rsquo;œil.</p>
<p><a href="https://youtu.be/bkZW8whz4ew" target="_blank" rel="noopener"><img loading="lazy" decoding="async" class="alignnone wp-image-1754 size-full" src="https://amisdulac.org/wp-content/uploads/2022/09/connor-film-icon.jpg" alt="" width="320" height="180" srcset="https://amisdulac.org/wp-content/uploads/2022/09/connor-film-icon.jpg 320w, https://amisdulac.org/wp-content/uploads/2022/09/connor-film-icon-300x169.jpg 300w, https://amisdulac.org/wp-content/uploads/2022/09/connor-film-icon-200x113.jpg 200w" sizes="auto, (max-width: 320px) 100vw, 320px" /></a></p>
<p><strong>« Les jeunes du lac » et du compte Instagram <em>16islandlakelife</em></strong></p>
<p><img loading="lazy" decoding="async" class="alignleft wp-image-1107" src="https://amisdulac.org/wp-content/uploads/2020/04/LakeLife_Graphic_600.jpg" alt="" width="200" height="200" srcset="https://amisdulac.org/wp-content/uploads/2020/04/LakeLife_Graphic_600.jpg 600w, https://amisdulac.org/wp-content/uploads/2020/04/LakeLife_Graphic_600-150x150.jpg 150w, https://amisdulac.org/wp-content/uploads/2020/04/LakeLife_Graphic_600-300x300.jpg 300w, https://amisdulac.org/wp-content/uploads/2020/04/LakeLife_Graphic_600-200x200.jpg 200w" sizes="auto, (max-width: 200px) 100vw, 200px" />Amis du lac veut passer le mot. Pour un grand nombre d’entre nous, les étés au lac remontent aussi loin que nous pouvons nous souvenir. D’autres ne sont venus au lac qu’une fois et en sont tombés amoureux. Nous avons à coeur la préservation des traditions du lac et la conservation de l’environnement. Nous partageons notre passion pour le lac avec nos familles, nos amis et nos enfants. Il est très important de faire participer la prochaine génération, de la même façon que nos parents, nos grands-parents et nos amis nous ont transmis cet héritage. L’expression&nbsp;«&nbsp;la vie au lac&nbsp;» est une bonne façon de décrire les traditions en question et l’endroit où chaque été nous avons hâte de revenir. Cette expression évoque un éventail d’images de ce que le lac signifie pour nous. Quand vous décrivez les choses qui rendent cet endroit extraordinaire, vous décrivez «&nbsp;la vie au lac ». L’article intitulé «&nbsp;Queen of Clubs&nbsp;», paru dans le numéro de juin 2011 du magazine <em>Cottage life,</em> illustre notre vie au lac du point de vue d’un journaliste en visite. Il est bien évident que nous avons un endroit vraiment extraordinaire ici.&nbsp;</p>
<p>Les jeunes ont aussi le lac à coeur. Nous avons demandé aux membres du conseil jeunesse ce qu’ils pensaient de la vie au lac. Ils aimaient tous notre idée d’une adhésion spéciale aux Amis du lac pour les jeunes, ceux-ci auront leur propre nom d’association et des activités qui favorisent la sensibilisation à l’environnement et qui les interpellent. «&nbsp;Les jeunes du lac&nbsp;» a donc été lancé, des autocollants de « La&nbsp;Vie au lac&nbsp;» sont maintenant offerts et un compte Instagram a été créé — <strong><em>16islandlakelife</em></strong> —, lequel est géré par «&nbsp;Les jeunes du lac&nbsp;» ! Allez-y, suivez <strong><em>16islandlakelife</em></strong> sur Instagram et partagez vos photos qui montrent ce que le lac représente pour vous. La meilleure façon de le faire, c’est d’envoyer vos photos par message direct au compte Instagram&nbsp;<strong><em>16islandlakelife</em></strong>.</p>
<p><strong>Le défi de Bob</strong></p>
<p><img loading="lazy" decoding="async" class="alignnone wp-image-1209 size-thumbnail" src="https://amisdulac.org/wp-content/uploads/2020/05/Bob-challenge-de-150x150.jpg" alt="" width="150" height="150"></p>
<p><a href="https://amisdulac.org/bob_challenge/">Pour en savoir plus</a></p>

<p>Lors de l&rsquo;AGM, Connor Manrique-Johnson a présenté son merveilleux court-métrage sur l&rsquo;utilisation d&rsquo;un bateau à moteur dans le respect de l&rsquo;environnement. Un effort remarquable et un message très important. Jetez-y un coup d&rsquo;œil. « Les jeunes du lac » et du compte Instagram 16islandlakelife Amis du lac veut passer le mot. Pour un grand nombre d’entre nous, [&hellip;]</p>
